{"id":8,"date":"2020-03-25T12:09:48","date_gmt":"2020-03-25T11:09:48","guid":{"rendered":"http:\/\/www.jadralno-drustvo-potepuh.si\/wordpress\/?page_id=3"},"modified":"2024-04-04T08:33:34","modified_gmt":"2024-04-04T07:33:34","slug":"zascita-podatkov","status":"publish","type":"page","link":"https:\/\/www.jadralno-drustvo-potepuh.si\/wordpress\/?page_id=8","title":{"rendered":"Za\u0161\u010dita osebnih podatkov"},"content":{"rendered":"\n<p>Naslov spletne strani je: http:\/\/www.jadralno-drustvo-potepuh.si\/wordpress.<\/p>\n\n\n\n<h2>Katere osebne podatke zbiramo in zakaj<\/h2>\n\n\n\n<h3>Komentarji<\/h3>\n\n\n\n<p>Ko obiskovalci komentirajo vsebino na\u0161ih strani, se hrani vsebina komentarjev, za za\u0161\u010dito pred smetenjem pa tudi IP naslov in podatki o brskalniku.<\/p>\n\n\n\n<p>Kratek anonimiziran niz sestavljen iz va\u0161ega po\u0161tnega naslova (hash) se lahko po\u0161lje storitvi Gravatar (<a href=\"https:\/\/automattic.com\/privacy\/\">https:\/\/automattic.com\/privacy\/<\/a>). Po odobritvi objave va\u0161ega komentarja, se poleg komentarja prika\u017ee slika va\u0161ega profila.<\/p>\n\n\n\n<h3>Mediji<\/h3>\n\n\n\n<p>Ko na spletno stran shranjujete slike, se izogibajte po\u0161iljanju lokacijskih podatkov, ki so shranjeni v slikah (EXIF GPS). Obiskovalci lahko dostopajo do teh podatkov.<\/p>\n\n\n\n<h3>Kontaktni obrazci<\/h3>\n\n\n\n<h3>Pi\u0161kotki<\/h3>\n\n\n\n<p>\u010ce objavite komentar, se lahko odlo\u010dite, da podatke o prijavi shranite v pi\u0161kotek. Ti so namenjeni udobnej\u0161i prijavi pri naslednjih komentarjih. Ti pi\u0161kotki se hranijo eno leto.<\/p>\n\n\n\n<p>Pri obisku strani za prijavo, bo stran objavila za\u010dasen pi\u0161kotek brez osebnih podatkov. Namen je ugotavljanje, ali brskalnik podpira hranjenje pi\u0161kotkov.<\/p>\n\n\n\n<p>Ob prijavi boste prejeli nekaj pi\u0161kotkov, ki hranijo va\u0161o prijavo (veljavnost dva dni, oziroma dva tedna, \u010de izberete opcijo Zapomni se me) in zaslonske nastavitve (veljavnost eno leto). Ko se s strani odjavite, se prijavni pi\u0161kotek izbri\u0161e.<\/p>\n\n\n\n<p>Ob objavi prospevka, se prav tako shrani pi\u0161kotek s \u0161tevilko prispevka, ki ga urejate (veljavnost en dan).<\/p>\n\n\n\n<h2>S kom delimo va\u0161e podatke<\/h2>\n\n\n\n<p>Osebnih podatkov, ki jih vnesete, da lahko komentirate prispevke, ne delimo z nikomer.<\/p>\n\n\n\n<h2>Kako dolgo hranimo podatke<\/h2>\n\n\n\n<p>Komentarji in njihovi meta podatki se hranijo neomejeno.<\/p>\n\n\n\n<p>Vsi prijavljeni uporabniki lahko kadarkoli vidijo, popravijo ali bri\u0161ejo svoje osebne podatke (z izjemo uporabni\u0161kega imena). Te podatke lahko spreminja tudi upravljalec spletne strani.<\/p>\n\n\n\n<h2>Va\u0161e pravice do osebnih podatkov<\/h2>\n\n\n\n<p>\u010ce imate na na\u0161i strani prijavljen ra\u010dun, ali ste objavilil komentar, lahko zahtevate izvozno datoteko z vsemi podatki, ki jih hranimo. Lahko tudi zahtevate brisanje vseh podatkov, ki se nana\u0161ajo na vas. To pa se ne nana\u0161a na podatke, ki smo jih dol\u017eni hraniti za administrativne, pravne ali varnostne namene.<\/p>\n\n\n\n<h2>Kam po\u0161iljamo va\u0161e podatke<\/h2>\n\n\n\n<p>Komentarje lahko po\u0161ljemo na avtomatizirano spletno stran za odkrivanje smeti (spam).<\/p>\n","protected":false},"excerpt":{"rendered":"<p>Naslov spletne strani je: http:\/\/www.jadralno-drustvo-potepuh.si\/wordpress. Katere osebne podatke zbiramo in zakaj Komentarji Ko obiskovalci komentirajo vsebino na\u0161ih strani, se hrani vsebina komentarjev, za za\u0161\u010dito pred smetenjem pa tudi IP naslov in podatki o brskalniku. Kratek anonimiziran niz sestavljen iz va\u0161ega po\u0161tnega naslova (hash) se lahko po\u0161lje storitvi Gravatar (https:\/\/automattic.com\/privacy\/). Po odobritvi objave va\u0161ega komentarja, se &hellip; <\/p>\n<p class=\"link-more\"><a href=\"https:\/\/www.jadralno-drustvo-potepuh.si\/wordpress\/?page_id=8\" class=\"more-link\">Preberi ve\u010d<span class=\"screen-reader-text\"> &#8220;Za\u0161\u010dita osebnih podatkov&#8221;<\/span><\/a><\/p>\n","protected":false},"author":1,"featured_media":0,"parent":7,"menu_order":5,"comment_status":"closed","ping_status":"closed","template":"","meta":[],"_links":{"self":[{"href":"https:\/\/www.jadralno-drustvo-potepuh.si\/wordpress\/index.php?rest_route=\/wp\/v2\/pages\/8"}],"collection":[{"href":"https:\/\/www.jadralno-drustvo-potepuh.si\/wordpress\/index.php?rest_route=\/wp\/v2\/pages"}],"about":[{"href":"https:\/\/www.jadralno-drustvo-potepuh.si\/wordpress\/index.php?rest_route=\/wp\/v2\/types\/page"}],"author":[{"embeddable":true,"href":"https:\/\/www.jadralno-drustvo-potepuh.si\/wordpress\/index.php?rest_route=\/wp\/v2\/users\/1"}],"replies":[{"embeddable":true,"href":"https:\/\/www.jadralno-drustvo-potepuh.si\/wordpress\/index.php?rest_route=%2Fwp%2Fv2%2Fcomments&post=8"}],"version-history":[{"count":1,"href":"https:\/\/www.jadralno-drustvo-potepuh.si\/wordpress\/index.php?rest_route=\/wp\/v2\/pages\/8\/revisions"}],"predecessor-version":[{"id":292,"href":"https:\/\/www.jadralno-drustvo-potepuh.si\/wordpress\/index.php?rest_route=\/wp\/v2\/pages\/8\/revisions\/292"}],"up":[{"embeddable":true,"href":"https:\/\/www.jadralno-drustvo-potepuh.si\/wordpress\/index.php?rest_route=\/wp\/v2\/pages\/7"}],"wp:attachment":[{"href":"https:\/\/www.jadralno-drustvo-potepuh.si\/wordpress\/index.php?rest_route=%2Fwp%2Fv2%2Fmedia&parent=8"}],"curies":[{"name":"wp","href":"https:\/\/api.w.org\/{rel}","templated":true}]}}